[INFO] cloning repository https://github.com/PierreZ/Kafka-tutorial-producer
[INFO] running `Command { std: "git" "-c" "credential.helper=" "-c" "credential.helper=/workspace/cargo-home/bin/git-credential-null" "clone" "--bare" "https://github.com/PierreZ/Kafka-tutorial-producer" "/workspace/cache/git-repos/https%3A%2F%2Fgithub.com%2FPierreZ%2FKafka-tutorial-producer", kill_on_drop: false }`
[INFO] [stderr] Cloning into bare repository '/workspace/cache/git-repos/https%3A%2F%2Fgithub.com%2FPierreZ%2FKafka-tutorial-producer'...
[INFO] running `Command { std: "git" "rev-parse" "HEAD", kill_on_drop: false }`
[INFO] [stdout] b4854f87f4a118a7487e5b1cdd4bf0568d430a88
[INFO] checking PierreZ/Kafka-tutorial-producer against master#af3c6e733a40e671550e0f0f5aeecaa13772ba56 for pr-74989
[INFO] running `Command { std: "git" "clone" "/workspace/cache/git-repos/https%3A%2F%2Fgithub.com%2FPierreZ%2FKafka-tutorial-producer" "/workspace/builds/worker-12/source", kill_on_drop: false }`
[INFO] [stderr] Cloning into '/workspace/builds/worker-12/source'...
[INFO] [stderr] done.
[INFO] validating manifest of git repo https://github.com/PierreZ/Kafka-tutorial-producer on toolchain af3c6e733a40e671550e0f0f5aeecaa13772ba56
[INFO] running `Command { std: "/workspace/cargo-home/bin/cargo" "+af3c6e733a40e671550e0f0f5aeecaa13772ba56" "read-manifest" "--manifest-path" "Cargo.toml", kill_on_drop: false }`
[INFO] started tweaking git repo https://github.com/PierreZ/Kafka-tutorial-producer
[INFO] finished tweaking git repo https://github.com/PierreZ/Kafka-tutorial-producer
[INFO] tweaked toml for git repo https://github.com/PierreZ/Kafka-tutorial-producer written to /workspace/builds/worker-12/source/Cargo.toml
[INFO] crate git repo https://github.com/PierreZ/Kafka-tutorial-producer already has a lockfile, it will not be regenerated
[INFO] running `Command { std: "/workspace/cargo-home/bin/cargo" "+af3c6e733a40e671550e0f0f5aeecaa13772ba56" "fetch" "--locked" "--manifest-path" "Cargo.toml", kill_on_drop: false }`
[INFO] running `Command { std: "docker" "create" "-v" "/var/lib/crater-agent-workspace/builds/worker-12/target:/opt/rustwide/target:rw,Z" "-v" "/var/lib/crater-agent-workspace/builds/worker-12/source:/opt/rustwide/workdir:ro,Z" "-v" "/var/lib/crater-agent-workspace/cargo-home:/opt/rustwide/cargo-home:ro,Z" "-v" "/var/lib/crater-agent-workspace/rustup-home:/opt/rustwide/rustup-home:ro,Z" "-e" "SOURCE_DIR=/opt/rustwide/workdir" "-e" "CARGO_TARGET_DIR=/opt/rustwide/target" "-e" "CARGO_HOME=/opt/rustwide/cargo-home" "-e" "RUSTUP_HOME=/opt/rustwide/rustup-home" "-w" "/opt/rustwide/workdir" "-m" "1610612736" "--user" "0:0" "--network" "none" "rustops/crates-build-env@sha256:d92eaeed33fa75130ca1ee6c8a01d1ffb62bac859dfdfb3450e3e5d1c0146529" "/opt/rustwide/cargo-home/bin/cargo" "+af3c6e733a40e671550e0f0f5aeecaa13772ba56" "metadata" "--no-deps" "--format-version=1", kill_on_drop: false }`
[INFO] [stdout] e275b3ab8e1c911f4d79374a1426f25bee5794bdf8ca3502c9e925ecf8d40f7b
[INFO] [stderr] WARNING: Your kernel does not support swap limit capabilities or the cgroup is not mounted. Memory limited without swap.
[INFO] running `Command { std: "docker" "start" "-a" "e275b3ab8e1c911f4d79374a1426f25bee5794bdf8ca3502c9e925ecf8d40f7b", kill_on_drop: false }`
[INFO] running `Command { std: "docker" "inspect" "e275b3ab8e1c911f4d79374a1426f25bee5794bdf8ca3502c9e925ecf8d40f7b", kill_on_drop: false }`
[INFO] running `Command { std: "docker" "rm" "-f" "e275b3ab8e1c911f4d79374a1426f25bee5794bdf8ca3502c9e925ecf8d40f7b", kill_on_drop: false }`
[INFO] [stdout] e275b3ab8e1c911f4d79374a1426f25bee5794bdf8ca3502c9e925ecf8d40f7b
[INFO] running `Command { std: "docker" "create" "-v" "/var/lib/crater-agent-workspace/builds/worker-12/target:/opt/rustwide/target:rw,Z" "-v" "/var/lib/crater-agent-workspace/builds/worker-12/source:/opt/rustwide/workdir:ro,Z" "-v" "/var/lib/crater-agent-workspace/cargo-home:/opt/rustwide/cargo-home:ro,Z" "-v" "/var/lib/crater-agent-workspace/rustup-home:/opt/rustwide/rustup-home:ro,Z" "-e" "SOURCE_DIR=/opt/rustwide/workdir" "-e" "CARGO_TARGET_DIR=/opt/rustwide/target" "-e" "CARGO_INCREMENTAL=0" "-e" "RUST_BACKTRACE=full" "-e" "RUSTFLAGS=--cap-lints=forbid" "-e" "CARGO_HOME=/opt/rustwide/cargo-home" "-e" "RUSTUP_HOME=/opt/rustwide/rustup-home" "-w" "/opt/rustwide/workdir" "-m" "1610612736" "--user" "0:0" "--network" "none" "rustops/crates-build-env@sha256:d92eaeed33fa75130ca1ee6c8a01d1ffb62bac859dfdfb3450e3e5d1c0146529" "/opt/rustwide/cargo-home/bin/cargo" "+af3c6e733a40e671550e0f0f5aeecaa13772ba56" "check" "--frozen" "--all" "--all-targets" "--message-format=json", kill_on_drop: false }`
[INFO] [stdout] 97c418670ceb9c741145044e5cedbc6a4b122af6575383c089d9fa64c458b0a9
[INFO] [stderr] WARNING: Your kernel does not support swap limit capabilities or the cgroup is not mounted. Memory limited without swap.
[INFO] running `Command { std: "docker" "start" "-a" "97c418670ceb9c741145044e5cedbc6a4b122af6575383c089d9fa64c458b0a9", kill_on_drop: false }`
[INFO] [stderr]     Checking libc v0.2.42
[INFO] [stderr]    Compiling unicode-xid v0.1.0
[INFO] [stderr]    Compiling pkg-config v0.3.11
[INFO] [stderr]    Compiling cc v1.0.17
[INFO] [stderr]    Compiling serde v1.0.66
[INFO] [stderr]    Compiling num-traits v0.2.5
[INFO] [stderr]     Checking cfg-if v0.1.3
[INFO] [stderr]     Checking regex-syntax v0.3.9
[INFO] [stderr]     Checking unicode-width v0.1.5
[INFO] [stderr]     Checking itoa v0.4.1
[INFO] [stderr]     Checking utf8-ranges v0.1.3
[INFO] [stderr]     Checking dtoa v0.4.2
[INFO] [stderr]     Checking futures v0.1.21
[INFO] [stderr]     Checking bitflags v1.0.3
[INFO] [stderr]     Checking ansi_term v0.11.0
[INFO] [stderr]     Checking vec_map v0.8.1
[INFO] [stderr]     Checking linked-hash-map v0.5.1
[INFO] [stderr]     Checking lazy_static v0.2.11
[INFO] [stderr]     Checking lazy_static v1.0.1
[INFO] [stderr]     Checking log v0.4.2
[INFO] [stderr]    Compiling proc-macro2 v0.4.6
[INFO] [stderr]     Checking textwrap v0.9.0
[INFO] [stderr]     Checking yaml-rust v0.4.0
[INFO] [stderr]     Checking log v0.3.9
[INFO] [stderr]     Checking thread-id v2.0.0
[INFO] [stderr]     Checking memchr v0.1.11
[INFO] [stderr]     Checking memchr v1.0.2
[INFO] [stderr]     Checking rand v0.4.2
[INFO] [stderr]     Checking atty v0.2.10
[INFO] [stderr]     Checking rand v0.5.2
[INFO] [stderr]     Checking aho-corasick v0.5.3
[INFO] [stderr]     Checking thread_local v0.2.7
[INFO] [stderr]     Checking clap v2.31.2
[INFO] [stderr]     Checking nom v3.2.1
[INFO] [stderr]    Compiling num_cpus v0.2.13
[INFO] [stderr]    Compiling quote v0.6.3
[INFO] [stderr]    Compiling rdkafka-sys v0.11.3-1
[INFO] [stderr]    Compiling syn v0.14.2
[INFO] [stderr]     Checking regex v0.1.80
[INFO] [stderr]    Compiling libz-sys v1.0.18
[INFO] [stderr]     Checking num-traits v0.1.43
[INFO] [stderr]     Checking rand v0.3.22
[INFO] [stderr]     Checking fake v1.2.2
[INFO] [stderr]     Checking futures-timer v0.1.1
[INFO] [stderr]     Checking serde-hjson v0.8.1
[INFO] [stderr] error: failed to run custom build command for `rdkafka-sys v0.11.3-1`
[INFO] [stderr] 
[INFO] [stderr] Caused by:
[INFO] [stderr]   process didn't exit successfully: `/opt/rustwide/target/debug/build/rdkafka-sys-71cc322e9405cd29/build-script-build` (exit code: 101)
[INFO] [stderr]   --- stdout
[INFO] [stderr]   Configuring librdkafka
[INFO] [stderr]   checking for OS or distribution... ok (Ubuntu)
[INFO] [stderr]   checking for C compiler from CC env... failed
[INFO] [stderr]   checking for gcc (by command)... ok
[INFO] [stderr]   checking for C++ compiler from CXX env... failed
[INFO] [stderr]   checking for C++ compiler (g++)... ok
[INFO] [stderr]   checking executable ld... ok
[INFO] [stderr]   checking executable nm... ok
[INFO] [stderr]   checking executable objdump... ok
[INFO] [stderr]   checking executable strip... ok
[INFO] [stderr]   checking for pkgconfig (by command)... ok
[INFO] [stderr]   checking for install (by command)... ok
[INFO] [stderr]   checking for PIC (by compile)... failed (disable)
[INFO] [stderr]   checking for GNU-compatible linker options... failed
[INFO] [stderr]   checking for OSX linker options... failed
[INFO] [stderr]   checking for GNU linker-script ld flag... failed
[INFO] [stderr]   checking for Solaris linker-script ld flag... failed (ignore)
[INFO] [stderr]   checking for __atomic_32 (by compile)... failed
[INFO] [stderr]   checking for __atomic_32_lib (by compile)... failed
[INFO] [stderr]   checking for __sync_32 (by compile)... failed (disable)
[INFO] [stderr]   checking for __atomic_64 (by compile)... failed
[INFO] [stderr]   checking for __atomic_64_lib (by compile)... failed
[INFO] [stderr]   checking for __sync_64 (by compile)... failed (disable)
[INFO] [stderr]   checking for socket (by compile)... failed
[INFO] [stderr]   checking for socket_nsl (by compile)... failed (fail)
[INFO] [stderr]   parsing version '0x000b01ff'... ok (0.11.1)
[INFO] [stderr]   checking for libpthread (by pkg-config)... failed
[INFO] [stderr]   checking for libpthread (by compile)... failed (fail)
[INFO] [stderr]   checking for zlib (by pkg-config)... ok
[INFO] [stderr]   checking for zlib (by compile)... ok (cached)
[INFO] [stderr]   checking for libcrypto (by pkg-config)... ok
[INFO] [stderr]   checking for libcrypto (by compile)... ok (cached)
[INFO] [stderr]   checking for crc32chw (by compile)... failed (disable)
[INFO] [stderr]   checking for regex (by compile)... failed (disable)
[INFO] [stderr]   checking for librt (by pkg-config)... failed
[INFO] [stderr]   checking for librt (by compile)... failed
[INFO] [stderr]   checking for strndup (by compile)... failed (disable)
[INFO] [stderr]   checking for strerror_r (by compile)... failed (disable)
[INFO] [stderr]   checking for libdl (by pkg-config)... failed
[INFO] [stderr]   checking for libdl (by compile)... failed (disable)
[INFO] [stderr]   checking for pthread_setname_gnu (by compile)... failed (disable)
[INFO] [stderr]   checking for nm (by env NM)... ok (cached)
[INFO] [stderr] 
[INFO] [stderr] 
[INFO] [stderr] 
[INFO] [stderr] 
[INFO] [stderr]   --- stderr
[INFO] [stderr]   Building and linking librdkafka statically
[INFO] [stderr]   Running command: "./configure --disable-sasl --disable-ssl --disable-lz4 --enable-static" in dir: librdkafka
[INFO] [stderr]   mklove/modules/configure.base: line 609: config.log: Read-only file system
[INFO] [stderr]   mklove/modules/configure.base: line 609: config.log: Read-only file system
[INFO] [stderr]   mklove/modules/configure.base: line 609: config.log: Read-only file system
[INFO] [stderr]   mklove/modules/configure.base: line 609: config.log: Read-only file system
[INFO] [stderr]   mklove/modules/configure.base: line 609: config.log: Read-only file system
[INFO] [stderr]   mklove/modules/configure.base: line 609: config.log: Read-only file system
[INFO] [stderr]   mklove/modules/configure.base: line 609: config.log: Read-only file system
[INFO] [stderr]   mklove/modules/configure.base: line 609: config.log: Read-only file system
[INFO] [stderr]   mklove/modules/configure.base: line 609: config.log: Read-only file system
[INFO] [stderr]   mklove/modules/configure.base: line 609: config.log: Read-only file system
[INFO] [stderr]   mklove/modules/configure.base: line 609: config.log: Read-only file system
[INFO] [stderr]   mklove/modules/configure.base: line 609: config.log: Read-only file system
[INFO] [stderr]   mklove/modules/configure.base: line 609: config.log: Read-only file system
[INFO] [stderr]   ./configure: line 186: config.log: Read-only file system
[INFO] [stderr]   ./configure: line 187: config.log: Read-only file system
[INFO] [stderr]   mklove/modules/configure.base: line 609: config.log: Read-only file system
[INFO] [stderr]   mklove/modules/configure.base: line 609: config.log: Read-only file system
[INFO] [stderr]   mklove/modules/configure.base: line 609: config.log: Read-only file system
[INFO] [stderr]   mklove/modules/configure.base: line 609: config.log: Read-only file system
[INFO] [stderr]   mktemp: failed to create file via template '_mkltmpXXXXXX': Read-only file system
[INFO] [stderr]   mv: cannot stat '': No such file or directory
[INFO] [stderr]   mklove/modules/configure.base: line 951: .c: Read-only file system
[INFO] [stderr]   mklove/modules/configure.base: line 954: .c: Read-only file system
[INFO] [stderr]   mklove/modules/configure.base: line 609: config.log: Read-only file system
[INFO] [stderr]   mklove/modules/configure.base: line 609: config.log: Read-only file system
[INFO] [stderr]   mklove/modules/configure.base: line 609: config.log: Read-only file system
[INFO] [stderr]   mktemp: failed to create file via template '_mkltmpXXXXXX': Read-only file system
[INFO] [stderr]   mv: cannot stat '': No such file or directory
[INFO] [stderr]   mklove/modules/configure.base: line 951: .c: Read-only file system
[INFO] [stderr]   mklove/modules/configure.base: line 954: .c: Read-only file system
[INFO] [stderr]   mklove/modules/configure.base: line 609: config.log: Read-only file system
[INFO] [stderr]   mklove/modules/configure.base: line 609: config.log: Read-only file system
[INFO] [stderr]   mklove/modules/configure.base: line 609: config.log: Read-only file system
[INFO] [stderr]   mktemp: failed to create file via template '_mkltmpXXXXXX': Read-only file system
[INFO] [stderr]   mv: cannot stat '': No such file or directory
[INFO] [stderr]   mklove/modules/configure.base: line 951: .c: Read-only file system
[INFO] [stderr]   mklove/modules/configure.base: line 954: .c: Read-only file system
[INFO] [stderr]   mklove/modules/configure.base: line 609: config.log: Read-only file system
[INFO] [stderr]   mklove/modules/configure.base: line 609: config.log: Read-only file system
[INFO] [stderr]   mklove/modules/configure.base: line 609: config.log: Read-only file system
[INFO] [stderr]   mktemp: failed to create file via template '_mkltmpXXXXXX': Read-only file system
[INFO] [stderr]   mklove/modules/configure.base: line 691: $ldsfile: ambiguous redirect
[INFO] [stderr]   mktemp: failed to create file via template '_mkltmpXXXXXX': Read-only file system
[INFO] [stderr]   mv: cannot stat '': No such file or directory
[INFO] [stderr]   mklove/modules/configure.base: line 951: .c: Read-only file system
[INFO] [stderr]   mklove/modules/configure.base: line 954: .c: Read-only file system
[INFO] [stderr]   mklove/modules/configure.base: line 609: config.log: Read-only file system
[INFO] [stderr]   mklove/modules/configure.base: line 609: config.log: Read-only file system
[INFO] [stderr]   mklove/modules/configure.base: line 609: config.log: Read-only file system
[INFO] [stderr]   mktemp: failed to create file via template '_mkltmpXXXXXX': Read-only file system
[INFO] [stderr]   mv: cannot stat '': No such file or directory
[INFO] [stderr]   mklove/modules/configure.base: line 951: .c: Read-only file system
[INFO] [stderr]   mklove/modules/configure.base: line 954: .c: Read-only file system
[INFO] [stderr]   mklove/modules/configure.base: line 609: config.log: Read-only file system
[INFO] [stderr]   mklove/modules/configure.base: line 609: config.log: Read-only file system
[INFO] [stderr]   mklove/modules/configure.base: line 609: config.log: Read-only file system
[INFO] [stderr]   mktemp: failed to create file via template '_mkltmpXXXXXX': Read-only file system
[INFO] [stderr]   mv: cannot stat '': No such file or directory
[INFO] [stderr]   mklove/modules/configure.base: line 951: .c: Read-only file system
[INFO] [stderr]   mklove/modules/configure.base: line 954: .c: Read-only file system
[INFO] [stderr]   mklove/modules/configure.base: line 609: config.log: Read-only file system
[INFO] [stderr]   mklove/modules/configure.base: line 609: config.log: Read-only file system
[INFO] [stderr]   mklove/modules/configure.base: line 609: config.log: Read-only file system
[INFO] [stderr]   mktemp: failed to create file via template '_mkltmpXXXXXX': Read-only file system
[INFO] [stderr]   mv: cannot stat '': No such file or directory
[INFO] [stderr]   mklove/modules/configure.base: line 951: .c: Read-only file system
[INFO] [stderr]   mklove/modules/configure.base: line 954: .c: Read-only file system
[INFO] [stderr]   mklove/modules/configure.base: line 609: config.log: Read-only file system
[INFO] [stderr]   mklove/modules/configure.base: line 609: config.log: Read-only file system
[INFO] [stderr]   mklove/modules/configure.base: line 609: config.log: Read-only file system
[INFO] [stderr]   mktemp: failed to create file via template '_mkltmpXXXXXX': Read-only file system
[INFO] [stderr]   mv: cannot stat '': No such file or directory
[INFO] [stderr]   mklove/modules/configure.base: line 951: .c: Read-only file system
[INFO] [stderr]   mklove/modules/configure.base: line 954: .c: Read-only file system
[INFO] [stderr]   mklove/modules/configure.base: line 609: config.log: Read-only file system
[INFO] [stderr]   mklove/modules/configure.base: line 609: config.log: Read-only file system
[INFO] [stderr]   mklove/modules/configure.base: line 609: config.log: Read-only file system
[INFO] [stderr]   mktemp: failed to create file via template '_mkltmpXXXXXX': Read-only file system
[INFO] [stderr]   mv: cannot stat '': No such file or directory
[INFO] [stderr]   mklove/modules/configure.base: line 951: .c: Read-only file system
[INFO] [stderr]   mklove/modules/configure.base: line 954: .c: Read-only file system
[INFO] [stderr]   mklove/modules/configure.base: line 609: config.log: Read-only file system
[INFO] [stderr]   mklove/modules/configure.base: line 609: config.log: Read-only file system
[INFO] [stderr]   mklove/modules/configure.base: line 609: config.log: Read-only file system
[INFO] [stderr]   mktemp: failed to create file via template '_mkltmpXXXXXX': Read-only file system
[INFO] [stderr]   mv: cannot stat '': No such file or directory
[INFO] [stderr]   mklove/modules/configure.base: line 951: .c: Read-only file system
[INFO] [stderr]   mklove/modules/configure.base: line 954: .c: Read-only file system
[INFO] [stderr]   mklove/modules/configure.base: line 609: config.log: Read-only file system
[INFO] [stderr]   mklove/modules/configure.base: line 609: config.log: Read-only file system
[INFO] [stderr]   mklove/modules/configure.base: line 609: config.log: Read-only file system
[INFO] [stderr]   mktemp: failed to create file via template '_mkltmpXXXXXX': Read-only file system
[INFO] [stderr]   mv: cannot stat '': No such file or directory
[INFO] [stderr]   mklove/modules/configure.base: line 951: .c: Read-only file system
[INFO] [stderr]   mklove/modules/configure.base: line 954: .c: Read-only file system
[INFO] [stderr]   mklove/modules/configure.base: line 609: config.log: Read-only file system
[INFO] [stderr]   mklove/modules/configure.base: line 609: config.log: Read-only file system
[INFO] [stderr]   mklove/modules/configure.base: line 609: config.log: Read-only file system
[INFO] [stderr]   mktemp: failed to create file via template '_mkltmpXXXXXX': Read-only file system
[INFO] [stderr]   mv: cannot stat '': No such file or directory
[INFO] [stderr]   mklove/modules/configure.base: line 951: .c: Read-only file system
[INFO] [stderr]   mklove/modules/configure.base: line 954: .c: Read-only file system
[INFO] [stderr]   mklove/modules/configure.base: line 609: config.log: Read-only file system
[INFO] [stderr]   mklove/modules/configure.base: line 609: config.log: Read-only file system
[INFO] [stderr]   mklove/modules/configure.base: line 609: config.log: Read-only file system
[INFO] [stderr]   mktemp: failed to create file via template '_mkltmpXXXXXX': Read-only file system
[INFO] [stderr]   mv: cannot stat '': No such file or directory
[INFO] [stderr]   mklove/modules/configure.base: line 951: .c: Read-only file system
[INFO] [stderr]   mklove/modules/configure.base: line 954: .c: Read-only file system
[INFO] [stderr]   mklove/modules/configure.base: line 609: config.log: Read-only file system
[INFO] [stderr]   mklove/modules/configure.base: line 609: config.log: Read-only file system
[INFO] [stderr]   mklove/modules/configure.base: line 609: config.log: Read-only file system
[INFO] [stderr]   mklove/modules/configure.base: line 609: config.log: Read-only file system
[INFO] [stderr]   mklove/modules/configure.base: line 609: config.log: Read-only file system
[INFO] [stderr]   mklove/modules/configure.base: line 609: config.log: Read-only file system
[INFO] [stderr]   mktemp: failed to create file via template '_mkltmpXXXXXX': Read-only file system
[INFO] [stderr]   mv: cannot stat '': No such file or directory
[INFO] [stderr]   mklove/modules/configure.base: line 951: .c: Read-only file system
[INFO] [stderr]   mklove/modules/configure.base: line 954: .c: Read-only file system
[INFO] [stderr]   mklove/modules/configure.base: line 609: config.log: Read-only file system
[INFO] [stderr]   mklove/modules/configure.base: line 609: config.log: Read-only file system
[INFO] [stderr]   mklove/modules/configure.base: line 609: config.log: Read-only file system
[INFO] [stderr]   mklove/modules/configure.base: line 609: config.log: Read-only file system
[INFO] [stderr]   mklove/modules/configure.base: line 609: config.log: Read-only file system
[INFO] [stderr]   mktemp: failed to create file via template '_mkltmpXXXXXX': Read-only file system
[INFO] [stderr]   mv: cannot stat '': No such file or directory
[INFO] [stderr]   mklove/modules/configure.base: line 951: .c: Read-only file system
[INFO] [stderr]   mklove/modules/configure.base: line 954: .c: Read-only file system
[INFO] [stderr]   mklove/modules/configure.base: line 609: config.log: Read-only file system
[INFO] [stderr]   mklove/modules/configure.base: line 609: config.log: Read-only file system
[INFO] [stderr]   mklove/modules/configure.base: line 609: config.log: Read-only file system
[INFO] [stderr]   mktemp: failed to create file via template '_mkltmpXXXXXX': Read-only file system
[INFO] [stderr]   mv: cannot stat '': No such file or directory
[INFO] [stderr]   mklove/modules/configure.base: line 951: .c: Read-only file system
[INFO] [stderr]   mklove/modules/configure.base: line 954: .c: Read-only file system
[INFO] [stderr]   mklove/modules/configure.base: line 609: config.log: Read-only file system
[INFO] [stderr]   mklove/modules/configure.base: line 609: config.log: Read-only file system
[INFO] [stderr]   mklove/modules/configure.base: line 609: config.log: Read-only file system
[INFO] [stderr]   mklove/modules/configure.base: line 609: config.log: Read-only file system
[INFO] [stderr]   mklove/modules/configure.base: line 609: config.log: Read-only file system
[INFO] [stderr]   mklove/modules/configure.base: line 609: config.log: Read-only file system
[INFO] [stderr]   mktemp: failed to create file via template '_mkltmpXXXXXX': Read-only file system
[INFO] [stderr]   mv: cannot stat '': No such file or directory
[INFO] [stderr]   mklove/modules/configure.base: line 951: .c: Read-only file system
[INFO] [stderr]   mklove/modules/configure.base: line 954: .c: Read-only file system
[INFO] [stderr]   mklove/modules/configure.base: line 609: config.log: Read-only file system
[INFO] [stderr]   mklove/modules/configure.base: line 609: config.log: Read-only file system
[INFO] [stderr]   mklove/modules/configure.base: line 609: config.log: Read-only file system
[INFO] [stderr]   mktemp: failed to create file via template '_mkltmpXXXXXX': Read-only file system
[INFO] [stderr]   mv: cannot stat '': No such file or directory
[INFO] [stderr]   mklove/modules/configure.base: line 951: .c: Read-only file system
[INFO] [stderr]   mklove/modules/configure.base: line 954: .c: Read-only file system
[INFO] [stderr]   mklove/modules/configure.base: line 609: config.log: Read-only file system
[INFO] [stderr]   mklove/modules/configure.base: line 609: config.log: Read-only file system
[INFO] [stderr]   mklove/modules/configure.base: line 609: config.log: Read-only file system
[INFO] [stderr]   mktemp: failed to create file via template '_mkltmpXXXXXX': Read-only file system
[INFO] [stderr]   mv: cannot stat '': No such file or directory
[INFO] [stderr]   mklove/modules/configure.base: line 951: .c: Read-only file system
[INFO] [stderr]   mklove/modules/configure.base: line 954: .c: Read-only file system
[INFO] [stderr]   mklove/modules/configure.base: line 609: config.log: Read-only file system
[INFO] [stderr]   mklove/modules/configure.base: line 609: config.log: Read-only file system
[INFO] [stderr]   mklove/modules/configure.base: line 609: config.log: Read-only file system
[INFO] [stderr]   mklove/modules/configure.base: line 609: config.log: Read-only file system
[INFO] [stderr]   mklove/modules/configure.base: line 609: config.log: Read-only file system
[INFO] [stderr]   mklove/modules/configure.base: line 609: config.log: Read-only file system
[INFO] [stderr]   mktemp: failed to create file via template '_mkltmpXXXXXX': Read-only file system
[INFO] [stderr]   mv: cannot stat '': No such file or directory
[INFO] [stderr]   mklove/modules/configure.base: line 951: .c: Read-only file system
[INFO] [stderr]   mklove/modules/configure.base: line 954: .c: Read-only file system
[INFO] [stderr]   mklove/modules/configure.base: line 609: config.log: Read-only file system
[INFO] [stderr]   mklove/modules/configure.base: line 609: config.log: Read-only file system
[INFO] [stderr]   mklove/modules/configure.base: line 609: config.log: Read-only file system
[INFO] [stderr]   mktemp: failed to create file via template '_mkltmpXXXXXX': Read-only file system
[INFO] [stderr]   mv: cannot stat '': No such file or directory
[INFO] [stderr]   mklove/modules/configure.base: line 951: .c: Read-only file system
[INFO] [stderr]   mklove/modules/configure.base: line 954: .c: Read-only file system
[INFO] [stderr]   mklove/modules/configure.base: line 609: config.log: Read-only file system
[INFO] [stderr]   mklove/modules/configure.base: line 609: config.log: Read-only file system
[INFO] [stderr]   mklove/modules/configure.base: line 609: config.log: Read-only file system
[INFO] [stderr]   ###########################################################
[INFO] [stderr]   mklove/modules/configure.base: line 618: config.log: Read-only file system
[INFO] [stderr]   ###                  Configure failed                   ###
[INFO] [stderr]   mklove/modules/configure.base: line 618: config.log: Read-only file system
[INFO] [stderr]   ###########################################################
[INFO] [stderr]   mklove/modules/configure.base: line 618: config.log: Read-only file system
[INFO] [stderr]   ### Accumulated failures:                               ###
[INFO] [stderr]   mklove/modules/configure.base: line 618: config.log: Read-only file system
[INFO] [stderr]   ###########################################################
[INFO] [stderr]   mklove/modules/configure.base: line 618: config.log: Read-only file system
[INFO] [stderr]    socket_nsl () 
[INFO] [stderr]   mklove/modules/configure.base: line 618: config.log: Read-only file system
[INFO] [stderr]       module: socket
[INFO] [stderr]   mklove/modules/configure.base: line 626: config.log: Read-only file system
[INFO] [stderr]       action: fail
[INFO] [stderr]   mklove/modules/configure.base: line 626: config.log: Read-only file system
[INFO] [stderr]       reason:
[INFO] [stderr]   compile check failed:
[INFO] [stderr]   CC: CC
[INFO] [stderr]   flags: 
[INFO] [stderr]   gcc  -g -O2 -Wall -Wsign-compare -Wfloat-equal -Wpointer-arith -Wcast-align -Wall -Werror .c -o .c.o -lsocket -lnsl  :
[INFO] [stderr]   gcc: error: .c: No such file or directory
[INFO] [stderr]   source: 
[INFO] [stderr]   #include <sys/types.h>
[INFO] [stderr]   #include <sys/socket.h>
[INFO] [stderr]   #include <unistd.h>
[INFO] [stderr]   void foo (void) {
[INFO] [stderr]      int s = socket(0, 0, 0);
[INFO] [stderr]      close(s);
[INFO] [stderr]   }
[INFO] [stderr] 
[INFO] [stderr]   mklove/modules/configure.base: line 626: config.log: Read-only file system
[INFO] [stderr]    libpthread () 
[INFO] [stderr]   mklove/modules/configure.base: line 618: config.log: Read-only file system
[INFO] [stderr]       module: librdkafka
[INFO] [stderr]   mklove/modules/configure.base: line 626: config.log: Read-only file system
[INFO] [stderr]       action: fail
[INFO] [stderr]   mklove/modules/configure.base: line 626: config.log: Read-only file system
[INFO] [stderr]       reason:
[INFO] [stderr]   compile check failed:
[INFO] [stderr]   CC: CC
[INFO] [stderr]   flags: -lpthread
[INFO] [stderr]   gcc  -g -O2 -Wall -Wsign-compare -Wfloat-equal -Wpointer-arith -Wcast-align -Wall -Werror .c -o .c.o   -lpthread:
[INFO] [stderr]   gcc: error: .c: No such file or directory
[INFO] [stderr]   source: #include <pthread.h>
[INFO] [stderr] 
[INFO] [stderr]   mklove/modules/configure.base: line 626: config.log: Read-only file system
[INFO] [stderr]   thread 'main' panicked at 'Command failed with error code 1', /opt/rustwide/cargo-home/registry/src/github.com-1ecc6299db9ec823/rdkafka-sys-0.11.3-1/build.rs:23:35
[INFO] [stderr]   stack backtrace:
[INFO] [stderr]      0:     0x55dd8d8ace00 - std::backtrace_rs::backtrace::libunwind::trace::h452faf99f32e7c93
[INFO] [stderr]                                  at /rustc/af3c6e733a40e671550e0f0f5aeecaa13772ba56/library/std/src/../../backtrace/src/backtrace/libunwind.rs:96
[INFO] [stderr]      1:     0x55dd8d8ace00 - std::backtrace_rs::backtrace::trace_unsynchronized::he40edc71437667a1
[INFO] [stderr]                                  at /rustc/af3c6e733a40e671550e0f0f5aeecaa13772ba56/library/std/src/../../backtrace/src/backtrace/mod.rs:66
[INFO] [stderr]      2:     0x55dd8d8ace00 - std::sys_common::backtrace::_print_fmt::h6c51d6ade71f46bf
[INFO] [stderr]                                  at /rustc/af3c6e733a40e671550e0f0f5aeecaa13772ba56/library/std/src/sys_common/backtrace.rs:79
[INFO] [stderr]      3:     0x55dd8d8ace00 - <std::sys_common::backtrace::_print::DisplayBacktrace as core::fmt::Display>::fmt::h3cd15d7003dec37a
[INFO] [stderr]                                  at /rustc/af3c6e733a40e671550e0f0f5aeecaa13772ba56/library/std/src/sys_common/backtrace.rs:58
[INFO] [stderr]      4:     0x55dd8d8cab7c - core::fmt::write::h1857a60b204f1b6a
[INFO] [stderr]                                  at /rustc/af3c6e733a40e671550e0f0f5aeecaa13772ba56/library/core/src/fmt/mod.rs:1080
[INFO] [stderr]      5:     0x55dd8d8aa057 - std::io::Write::write_fmt::hac61caff894c35ae
[INFO] [stderr]                                  at /rustc/af3c6e733a40e671550e0f0f5aeecaa13772ba56/library/std/src/io/mod.rs:1517
[INFO] [stderr]      6:     0x55dd8d8af0a0 - std::sys_common::backtrace::_print::haa2f390fb7957e3e
[INFO] [stderr]                                  at /rustc/af3c6e733a40e671550e0f0f5aeecaa13772ba56/library/std/src/sys_common/backtrace.rs:61
[INFO] [stderr]      7:     0x55dd8d8af0a0 - std::sys_common::backtrace::print::h48c7cbbad9013bb1
[INFO] [stderr]                                  at /rustc/af3c6e733a40e671550e0f0f5aeecaa13772ba56/library/std/src/sys_common/backtrace.rs:48
[INFO] [stderr]      8:     0x55dd8d8af0a0 - std::panicking::default_hook::{{closure}}::h8b7ff05a31e71d55
[INFO] [stderr]                                  at /rustc/af3c6e733a40e671550e0f0f5aeecaa13772ba56/library/std/src/panicking.rs:208
[INFO] [stderr]      9:     0x55dd8d8aedec - std::panicking::default_hook::h2f00c78800d98e4c
[INFO] [stderr]                                  at /rustc/af3c6e733a40e671550e0f0f5aeecaa13772ba56/library/std/src/panicking.rs:227
[INFO] [stderr]     10:     0x55dd8d8af703 - std::panicking::rust_panic_with_hook::h4eaa635e4694aef3
[INFO] [stderr]                                  at /rustc/af3c6e733a40e671550e0f0f5aeecaa13772ba56/library/std/src/panicking.rs:577
[INFO] [stderr]     11:     0x55dd8d8af2d9 - std::panicking::begin_panic_handler::{{closure}}::hec242f1b136b5ff2
[INFO] [stderr]                                  at /rustc/af3c6e733a40e671550e0f0f5aeecaa13772ba56/library/std/src/panicking.rs:484
[INFO] [stderr]     12:     0x55dd8d8ad26c - std::sys_common::backtrace::__rust_end_short_backtrace::h1f3cc383ee6c0374
[INFO] [stderr]                                  at /rustc/af3c6e733a40e671550e0f0f5aeecaa13772ba56/library/std/src/sys_common/backtrace.rs:153
[INFO] [stderr]     13:     0x55dd8d8af299 - rust_begin_unwind
[INFO] [stderr]                                  at /rustc/af3c6e733a40e671550e0f0f5aeecaa13772ba56/library/std/src/panicking.rs:483
[INFO] [stderr]     14:     0x55dd8d8af24b - std::panicking::begin_panic_fmt::hebfdcd945bbd27b1
[INFO] [stderr]                                  at /rustc/af3c6e733a40e671550e0f0f5aeecaa13772ba56/library/std/src/panicking.rs:437
[INFO] [stderr]     15:     0x55dd8d8666ac - build_script_build::run_command_or_fail::h6647fd6db8880472
[INFO] [stderr]                                  at /opt/rustwide/cargo-home/registry/src/github.com-1ecc6299db9ec823/rdkafka-sys-0.11.3-1/build.rs:23
[INFO] [stderr]     16:     0x55dd8d8675e8 - build_script_build::build_librdkafka::h95062c0d5c920616
[INFO] [stderr]                                  at /opt/rustwide/cargo-home/registry/src/github.com-1ecc6299db9ec823/rdkafka-sys-0.11.3-1/build.rs:91
[INFO] [stderr]     17:     0x55dd8d867263 - build_script_build::main::h0565abffbde03550
[INFO] [stderr]                                  at /opt/rustwide/cargo-home/registry/src/github.com-1ecc6299db9ec823/rdkafka-sys-0.11.3-1/build.rs:61
[INFO] [stderr]     18:     0x55dd8d86961b - core::ops::function::FnOnce::call_once::h1439a7f9f08e4c71
[INFO] [stderr]                                  at /rustc/af3c6e733a40e671550e0f0f5aeecaa13772ba56/library/core/src/ops/function.rs:227
[INFO] [stderr]     19:     0x55dd8d86989e - std::sys_common::backtrace::__rust_begin_short_backtrace::h8ee24d096ed56181
[INFO] [stderr]                                  at /rustc/af3c6e733a40e671550e0f0f5aeecaa13772ba56/library/std/src/sys_common/backtrace.rs:137
[INFO] [stderr]     20:     0x55dd8d869581 - std::rt::lang_start::{{closure}}::h2cdf7721581137f2
[INFO] [stderr]                                  at /rustc/af3c6e733a40e671550e0f0f5aeecaa13772ba56/library/std/src/rt.rs:66
[INFO] [stderr]     21:     0x55dd8d8afb01 - core::ops::function::impls::<impl core::ops::function::FnOnce<A> for &F>::call_once::hecc21eb9018cc197
[INFO] [stderr]                                  at /rustc/af3c6e733a40e671550e0f0f5aeecaa13772ba56/library/core/src/ops/function.rs:259
[INFO] [stderr]     22:     0x55dd8d8afb01 - std::panicking::try::do_call::h174ad655d084b5c7
[INFO] [stderr]                                  at /rustc/af3c6e733a40e671550e0f0f5aeecaa13772ba56/library/std/src/panicking.rs:381
[INFO] [stderr]     23:     0x55dd8d8afb01 - std::panicking::try::h479e6054ce28de10
[INFO] [stderr]                                  at /rustc/af3c6e733a40e671550e0f0f5aeecaa13772ba56/library/std/src/panicking.rs:345
[INFO] [stderr]     24:     0x55dd8d8afb01 - std::panic::catch_unwind::hb558ddea2b3e9c45
[INFO] [stderr]                                  at /rustc/af3c6e733a40e671550e0f0f5aeecaa13772ba56/library/std/src/panic.rs:382
[INFO] [stderr]     25:     0x55dd8d8afb01 - std::rt::lang_start_internal::h163149047f0a8b61
[INFO] [stderr]                                  at /rustc/af3c6e733a40e671550e0f0f5aeecaa13772ba56/library/std/src/rt.rs:51
[INFO] [stderr]     26:     0x55dd8d869557 - std::rt::lang_start::hbda0e7a5ccac17a7
[INFO] [stderr]                                  at /rustc/af3c6e733a40e671550e0f0f5aeecaa13772ba56/library/std/src/rt.rs:65
[INFO] [stderr]     27:     0x55dd8d86795a - main
[INFO] [stderr]     28:     0x7f5895f730b3 - __libc_start_main
[INFO] [stderr]     29:     0x55dd8d8660be - _start
[INFO] [stderr]     30:                0x0 - <unknown>
[INFO] [stderr] warning: build failed, waiting for other jobs to finish...
[INFO] [stderr] error: build failed
[INFO] running `Command { std: "docker" "inspect" "97c418670ceb9c741145044e5cedbc6a4b122af6575383c089d9fa64c458b0a9", kill_on_drop: false }`
[INFO] running `Command { std: "docker" "rm" "-f" "97c418670ceb9c741145044e5cedbc6a4b122af6575383c089d9fa64c458b0a9", kill_on_drop: false }`
[INFO] [stdout] 97c418670ceb9c741145044e5cedbc6a4b122af6575383c089d9fa64c458b0a9
